1)/1). Determine b(g).
9
Let p(y) be the first derivative of -11*y**4/4 - y**2/2 - 4. What is p(-1)?
12
Let m(y) = -19 - 4*y + 3*y + 12. What is m(0)?
-7
Let h(i) = -3 + 5*i**2 + 6*i - 2*i**2 - 2*i + 3*i**3 - 4*i**3. What is h(3)?
9
Let p(l) = 2*l**2 + 17*l - 7. Let g(k) = -k**2 - 9*k + 3. Let q(j) = 5*g(j) + 3*p(j). Give q(-7).
1
Suppose -3*n + 10 = -5*g - 0*n, 4*g + n = -8. Let f(k) = -k**3 - 2*k**2 - k + 2. Determine f(g).
4
Suppose -9*m + 13*m - 8 = 0. Let p(y) = -3*y + 3. Give p(m).
-3
Let v = -1 - -2. Let w(x) = -2*x**2 + 5. Let g(r) = -2*r**2 + 6. Let n(d) = 6*g(d) - 7*w(d). Determine n(v).
3
Let o = 6 - 10. Let w(m) = 3*m**3 + 25*m**2 + 2*m - 8. Let i(p) = p**3 + 9*p**2 + p - 3. Let v(n) = -8*i(n) + 3*w(n). Determine v(o).
-8
Let f(u) = -20*u - 44. Let h(j) = -7*j - 15. Let p(o) = -6*f(o) + 17*h(o). Suppose -2*y - 8 = -0*y. Determine p(y).
5
Suppose 2*f - 3 = 3. Let o(d) = -5*d - 4*d + 7*d**2 + 3*d**3 - 4*d**f - 7 + 3*d. Give o(5).
13
Let z(n) = -15*n - 2 - 11*n + 31*n. Suppose q = 4*q + 6. Determine z(q).
-12
Let z(l) = 5*l - 3. Let o(f) = f + 2. Let q(t) = 4*o(t) - z(t). Calculate q(-8).
19
Let i = 18 + -18. Suppose -21 = -3*a + 5*l, -a - 1 + i = l. Let r(v) = 5*v - 3. Calculate r(a).
7
Let z = 17/315 - 1/252. Let s(p) be the second derivative of 1/2*p**2 - p + 1/3*p**3 + 0 + 0*p**4 - z*p**5. Give s(-1).
0
Let k(y) = -y**2 + 5*y - 2. Let u(z) = 3*z**2 - 11*z + 4. Let q(l) = -5*k(l) - 2*u(l). Give q(-2).
4
Let a = -1 - -4. Let f(i) = -i**3 + 5*i**2 - 3*i - 1. Determine f(a).
8
Let y(z) = -9 - z**2 + 4 + 10*z**2 + 6. Calculate y(-1).
10
Let w(j) = 0*j**2 - 17*j - 4 - 10*j + j**2 + 25*j. What is w(3)?
-1
Suppose 4*n - 15 = 5*n. Let i be 14/3 + (-5)/n. Let g(a) be the third derivative of a**6/120 - a**5/12 - a**4/24 + a**3/2 + 2*a**2. What is g(i)?
-2
Let s(x) = -2*x**2 - 11*x - 4. Let n be s(-5). Let u(h) = 6*h**3 + h**2 - h. What is u(n)?
6
Let d(p) be the first derivative of 1 + 3*p - 1/3*p**3 - 3/2*p**2. What is d(-3)?
3
Let h(m) be the third derivative of 0 + 7/3*m**3 + 0*m + m**2 - 1/24*m**4. Determine h(0).
14
Suppose 0 = -2*y - 3*y + 5. Suppose o - y - 3 = 0. Let i(n) = n**3 - 5*n**2 + 4*n + 2. What is i(o)?
2
Let y(c) = c - 7. Let o be ((-12)/(-15))/((-6)/(-15)). Suppose 5*v + 5*u - u - 13 = 0, -v + o*u = -11. Determine y(v).
-2
Let v(k) be the first derivative of k**3/3 - 5*k**2 + 7*k - 12. Determine v(9).
-2
Let k be 4/(-2) + 8/(-2). Let m(c) = -c - 7. Let u be m(k). Let g(b) = 44*b + 28. Let d(p) = 8*p + 5. Let j(f) = -28*d(f) + 5*g(f). Calculate j(u).
4
Let s(x) be the third derivative of -x**5/30 + x**4/6 - 2*x**3/3 + 3*x**2. Calculate s(3).
-10
Let r(n) = -n**2 - 5*n. Let u(t) = 2*t + 7. Let x be u(-6). Calculate r(x).
0
Let q(y) = 0 - 13*y**2 + 0*y**3 + 9 + 16*y**3 + 7*y. Let d(n) = -8*n**3 + 6*n**2 - 3*n - 4. Let r(s) = 9*d(s) + 4*q(s). Determine r(-1).
9
Let x(n) = 6*n**3 + 3*n**2 - 2*n + 7. Let t(y) = 9*y**3 + 4*y**2 - 3*y + 10. Let b(p) = -5*t(p) + 7*x(p). What is b(2)?
-19
Let x(q) be the first derivative of q**2 + 5*q - 11. Suppose 0 = 2*d - 5*i + 27 + 10, d + 3*i = 9. What is x(d)?
-7
Suppose 0*r - 5 = -2*r + v, 14 = -r - 5*v. Let i(u) = -u - 1. Determine i(r).
-2
Suppose 11*m - 10*m = -1. Let b(d) = -2*d**3 + d + 1. Determine b(m).
2
Let t(j) = 7*j**2 - 17*j**2 - j - j + 12*j**2. Calculate t(2).
4
Let a(v) = v. Suppose 2*y - 6 = -2. Suppose y*q + 0 = 2*w + 2, 0 = 5*w - 4*q + 2. Calculate a(w).
2
Let g be 7/(-14) - (-1)/2. Let i(u) be the third derivative of 0*u - 2*u**2 + 0 - 1/24*u**4 + u**3 - 1/60*u**5. Give i(g).
6
Let b(f) be the second derivative of f - 2/3*f**3 + 0 + 1/120*f**6 - 1/24*f**4 - 1/12*f**5 + 3/2*f**2. Let h(p) be the first derivative of b(p). Determine h(5).
-9
Let x(i) = 6*i**2 - 9 + 7 - 8*i - 7*i**2. Give x(-8).
-2
Let o(d) = -3*d**2 + 3*d. Let t(m) = 7*m**2 - 6*m - 1. Let z(a) = -5*o(a) - 2*t(a). Give z(2).
0
Let q be -2 + -1 - -1 - 4/1. Let r(t) = -t**2 - 5*t + 2. Calculate r(q).
-4
Let f(g) = g**3 + 5*g**2 - 5. Let p = 2 - 0. Let z be 7/9 + p/9. Let h be ((-1)/2)/(z/10). What is f(h)?
-5
Let d(q) = -q**2 - 5*q - 2. Let u be d(-4). Let p(f) = 4*f**2 - 2*f + 3. Let o(r) = 7*r**2 - 3*r + 5. Let n(g) = 3*o(g) - 5*p(g). Give n(u).
6
Let o(j) = 2*j**2 - 4*j + 2. Let h = 57 - 55. What is o(h)?
2
Let c(x) = 2*x - 6. Suppose 5*m = 0, 15 = 5*l - 3*m - 45. Let g(z) = 2*z**2 - 5*z - 2. Let w be g(6). Let b be (-4)/(-6) + w/l. What is c(b)?
2
Let n(p) = 5*p - 6*p - 4*p**2 + p**3 + 2 - 2*p. Give n(5).
12
Let i(w) = 2*w**2 - 6*w + 0 - 3*w**2 + 4. Let l = -27 - -22. Calculate i(l).
9
Let s = 39 + -36. Let g(d) be the second derivative of 0*d**2 - 3*d - 1/3*d**s + 0. What is g(-2)?
4
Let p(g) be the second derivative of 0 + 0*g**2 - g + 0*g**3 - 1/12*g**4. What is p(-1)?
-1
Let f be (-16)/12*(-15)/4. Let w(i) be the first derivative of i**2/2 - 6*i + 1. What is w(f)?
-1
Let j(a) = a**3 - a + 1. Let y be j(0). Let w(r) = -13*r**2 - 1. Determine w(y).
-14
Let a(k) be the third derivative of -k**5/60 - k**4/12 + k**3/6 - 16*k**2. What is a(-4)?
-7
Let c(d) be the third derivative of -d**6/120 - d**5/60 - d**4/8 - d**3/2 - 7*d**2. Give c(-2).
7
Let v(l) = -l**3 - 4*l**2 - 4*l + 1. Let k = 21 + -24. Determine v(k).
4
Suppose 6*y - 3*y - 45 = 0. Let b be 8*(3 + y/(-6)). Let w(v) = 2*v - 1. Give w(b).
7
Let t(b) be the third derivative of b**4/24 - 2*b**2. Suppose 2*l - 10 = 4. Let c = l - 7. Calculate t(c).
0
Let w(g) = -9*g - 7. Let i(v) = -4*v - 4. Let j(l) = 5*i(l) - 3*w(l). Let s be 1*(-4)/((-16)/(-4)). Calculate j(s).
-6
Let i = 15 - 10. Suppose 6*u + 2 = i*u. Let w(r) = 2*r - 2. Calculate w(u).
-6
Let f be 2 + (-3 - (-1 - 2)). Let i(z) = 3*z + 1. What is i(f)?
7
Let n be (1 + -1)/(0 + 2). Let g(i) = -11 - i + 8 + 15 + n*i. Calculate g(5).
7
Let f(o) be the third derivative of -o**5/15 + o**4/24 + o**2. Suppose 5*v = 3*v - 2. Calculate f(v).
-5
Let l(c) = -10*c - 6 + 0 + 7. Suppose -b = -2*b - 2*p + 5, 4*b + 5*p - 14 = 0. Give l(b).
-9
Suppose 5*b + 3*f - 47 = 0, f = -3*b + 10 + 15. Let c(g) = -2*g + 2*g**2 + 3 - b - g. Calculate c(3).
5
Let s(w) = -8*w**2 + 111*w - w**3 - 3*w**2 + 2 - 5 - 99*w. Give s(-12).
-3
Let i(t) = t**2 + 7*t + 9. Suppose -5*b + 5*l = 3*l + 24, 27 = -3*b - 3*l. Give i(b).
3
Let l(j) = -3*j**2 + 3*j - 2. Let p be l(2). Let g = 3 + p. Let d = -7 - g. Let h(x) = -x**3 - 3*x**2 - 3*x - 3. Determine h(d).
-1
Let w(r) = r**2 + 8*r + 4. Suppose -2*q - 15 - 13 = 0. Let k be (-9)/63 - (-96)/q. Calculate w(k).
-3
Let o(r) = 2*r + 7. Suppose -v - 4*v + 28 = -4*q, 0 = -5*q + 3*v - 35. Calculate o(q).
-7
Let c(b) = -b + 1. Suppose 2*r - o = -7, 4*r - o = 5 - 24. Let t be 10/(-15)*r/(-4). Determine c(t).
2
Let t(r) be the second derivative of r**5/20 - r**4/3 + r**3/6 + 3*r**2/2 - 10*r. Give t(3).
-3
Let w(v) = -v**2 - 3*v + 4. Let y be (1*3 - (1 - -2)) + -5. Calculate w(y).
-6
Suppose 0*q = q - 1. Let r = q + -6. Let d(c) = 4*c**2 - 1 - 103*c**3 + 104*c**3 - 4*c + 2. What is d(r)?
-4
Suppose -13 = -3*m - 2*o, -5*m = o - 5 - 12. Suppose 12 = -m*q + q. Let u(a) = a + 8. Determine u(q).
2
Let d(o) = -o**3 + 3*o**2 - 3*o - 1. Suppose 30 = 7*g + 9. Determine d(g).
-10
Suppose -7 = 3*v - 13. Let s(n) = n - n**2 - n**2 + n**2. Calculate s(v).
-2
Let v(h) be the third derivative of -h**5/60 - h**4/24 + h**3/2 - 2*h**2. Let g be v(-3). Let x(n) = n**2 + 3*n + 1. Determine x(g).
1
Let i(r) = 3*r**3 + r**2. Let m be (-4)/(-14) - 36/(-21). Let w be 0 + 1 + m + -2. Suppose 0 = 2*q - 5*k + 18, 2*q + 3*q - w = k. Give i(q).
4
Let f(g) be the third derivative of -g**6/120 + g**5/20 - g**4/12 + g**3/2 + g**2. Let x(r) = 4*r - 1. Let z = 7 - 6. Let j be x(z). Calculate f(j).
-3
Let r(m) be the first derivative of m**4/4 + m**3 - 2*m**2 + m + 2. Let v be (-40)/12*(-6)/4. Suppose -2*t + 24 = -4*q, -28 = v*q - 3*t + t. Determine r(q).
1
Let c(o) = 26*o + 127. Let f be c(-5). Let v(h) = 2*h - 6. Let x(l) = 3*l - 7. Let b(q) = -4*v(q) + 3*x(q). Give b(f).
0
Let m(g) be the third derivative of 1/3*g**3 - 1/60*g**6 + g**2 + 0*g**4 - 1/20*g**5 + 0 + 0*g. Let s = 6 - 8. Determine m(s).
6
Let h(i) = -4*i + 34. Let g(b) = -3*b + 23. Let k(v) = 7*g(v) - 5*h(v). Calculate k(-5).
-4
Let w(q) = -q**3 + 13*q**2 + 9*q - 8. Let n(j) = 5*j**3 - 53*j**2 - 36*j + 32. Let g(c) = 2*n(c) + 9*w(c). Calculate g(-10).
2
Suppose 2*g - 3 =